hen 1298 is divided by 643.
12
What is the remainder when 48 is divided by 2?
0
What is the remainder when 91 is divided by 31?
29
What is the remainder when 35 is divided by 18?
17
What is the remainder when 479 is divided by 150?
29
What is the remainder when 103 is divided by 68?
35
What is the remainder when 1797 is divided by 33?
15
Calculate the remainder when 940 is divided by 208.
108
What is the remainder when 263 is divided by 81?
20
What is the remainder when 2246 is divided by 448?
6
Calculate the remainder when 2101 is divided by 162.
157
What is the remainder when 102 is divided by 15?
12
What is the remainder when 2038 is divided by 40?
38
What is the remainder when 549 is divided by 7?
3
Calculate the remainder when 789 is divided by 31.
14
What is the remainder when 3017 is divided by 753?
5
Calculate the remainder when 174 is divided by 27.
12
Calculate the remainder when 345 is divided by 30.
15
What is the remainder when 619 is divided by 27?
25
Calculate the remainder when 11263 is divided by 662.
9
Calculate the remainder when 7808 is divided by 142.
140
Calculate the remainder when 807 is divided by 165.
147
What is the remainder when 619 is divided by 16?
11
What is the remainder when 1129 is divided by 50?
29
What is the remainder when 960 is divided by 21?
15
Calculate the remainder when 456 is divided by 20.
16
Calculate the remainder when 51 is divided by 51.
0
Calculate the remainder when 2538 is divided by 5.
3
What is the remainder when 328 is divided by 57?
43
What is the remainder when 1320 is divided by 84?
60
What is the remainder when 969 is divided by 7?
3
What is the remainder when 242 is divided by 62?
56
What is the remainder when 155 is divided by 26?
25
Calculate the remainder when 293 is divided by 27.
23
Calculate the remainder when 172 is divided by 149.
23
Calculate the remainder when 70 is divided by 14.
0
Calculate the remainder when 1064 is divided by 5.
4
Calculate the remainder when 2158 is divided by 8.
6
Calculate the remainder when 460 is divided by 107.
32
What is the remainder when 380 is divided by 188?
4
What is the remainder when 1645 is divided by 13?
7
Calculate the remainder when 204 is divided by 44.
28
Calculate the remainder when 72098 is divided by 10.
8
What is the remainder when 59 is divided by 4?
3
Calculate the remainder when 346 is divided by 85.
6
What is the remainder when 1079 is divided by 18?
17
Calculate the remainder when 76 is divided by 75.
1
Calculate the remainder when 2748 is divided by 18.
12
What is the remainder when 222 is divided by 81?
60
What is the remainder when 11300 is divided by 127?
124
Calculate the remainder when 338 is divided by 32.
18
Calculate the remainder when 98 is divided by 43.
12
Calculate the remainder when 14583 is divided by 4855.
18
Calculate the remainder when 323 is divided by 11.
4
What is the remainder when 19 is divided by 10?
9
Calculate the remainder when 4646 is divided by 25.
21
Calculate the remainder when 3703 is divided by 284.
11
Calculate the remainder when 386 is divided by 17.
12
Calculate the remainder when 597 is divided by 20.
17
What is the remainder when 1070 is divided by 37?
34
Calculate the remainder when 19 is divided by 6.
1
Calculate the remainder when 385 is divided by 66.
55
Calculate the remainder when 1994 is divided by 15.
14
Calculate the remainder when 320 is divided by 192.
128
What is the remainder when 1179 is divided by 77?
24
What is the remainder when 531 is divided by 237?
57
Calculate the remainder when 1133 is divided by 560.
13
What is the remainder when 21337 is divided by 11?
8
Calculate the remainder when 96 is divided by 22.
8
Calculate the remainder when 3778 is divided by 12.
10
Calculate the remainder when 1426 is divided by 354.
10
Calculate the remainder when 41 is divided by 25.
16
Calculate the remainder when 337 is divided by 117.
103
Calculate the remainder when 886 is divided by 6.
4
Calculate the remainder when 842 is divided by 220.
182
What is the remainder when 96 is divided by 14?
12
Calculate the remainder when 149 is divided by 50.
49
Calculate the remainder when 114 is divided by 78.
36
Calculate the remainder when 240 is divided by 205.
35
Calculate the remainder when 4850 is divided by 11.
10
Calculate the remainder when 86 is divided by 54.
32
What is the remainder when 446 is divided by 9?
5
Calculate the remainder when 264 is divided by 75.
39
What is the remainder when 112 is divided by 45?
22
Calculate the remainder when 772 is divided by 18.
16
Calculate the remainder when 205 is divided by 190.
15
What is the remainder when 538 is divided by 11?
10
Calculate the remainder when 983 is divided by 199.
187
What is the remainder when 944 is divided by 158?
154
Calculate the remainder when 1316 is divided by 438.
2
Calculate the remainder when 2879 is divided by 144.
143
Calculate the remainder when 2184 is divided by 145.
9
Calculate the remainder when 141 is divided by 24.
21
What is the remainder when 219 is divided by 76?
67
What is the remainder when 339 is divided by 9?
6
What is the remainder when 52 is divided by 45?
7
Calculate the remainder when 187 is divided by 101.
86
What is the remainder when 323 is divided by 54?
53
Calculate the remainder when 60 is divided by 37.
23
Calculate the remainder when 363 is divided by 111.
30
What is the remainder when 2671 is divided by 27?
25
Calculate the remainder when 78 is divided by 20.
18
What is the remainder when 171 is divided by 160?
11
Calculate the remainder when 316 is divided by 109.
98
What is the remainder when 8097 is divided by 324?
321
What is the remainder when 6966 is divided by 17?
13
Calculate the remainder when 191 is divided by 12.
11
What is the remainder when 650 is divided by 91?
13
What is the remainder when 75 is divided by 45?
30
What is the remainder when 1174 is divided by 31?
27
What is the remainder when 284 is divided by 55?
9
What is the remainder when 118 is divided by 24?
22
Calculate the remainder when 455 is divided by 12.
11
What is the remainder when 1453 is divided by 1433?
20
What is the remainder when 283 is divided by 71?
70
What is the remainder when 19 is divided by 2?
1
Calculate the remainder when 1580 is divided by 26.
20
Calculate the remainder when 189 is divided by 57.
18
What is the remainder when 1561 is divided by 98?
91
What is the remainder when 3156 is divided by 117?
114
What is the remainder when 189 is divided by 20?
9
Calculate the remainder when 1700 is divided by 74.
72
Calculate the remainder when 3266 is divided by 19.
17
What is the remainder when 1155 is divided by 58?
53
What is the remainder when 412 is divided by 5?
2
Calculate the remainder when 184 is divided by 48.
40
What is the remainder when 290 is divided by 28?
10
What is the remainder when 26422 is divided by 9?
7
Calculate the remainder when 130 is divided by 26.
0
Calculate the remainder when 22039 is divided by 290.
289
Calculate the remainder when 112 is divided by 8.
0
What is the remainder when 114 is divided by 30?
24
What is the remainder when 398 is divided by 31?
26
What is the remainder when 35 is divided by 8?
3
What is the remainder when 1332 is divided by 30?
12
What is the remainder when 856 is divided by 32?
24
Calculate the remainder when 264 is divided by 32.
8
What is the remainder when 2853 is divided by 102?
99
Calculate the remainder when 78 is divided by 25.
3
Calculate the remainder when 334 is divided by 7.
5
Calculate the remainder when 29 is divided by 17.
12
Calculate the remainder when 82 is divided by 34.
14
What is the remainder when 141 is divided by 88?
53
Calculate the remainder when 581 is divided by 5.
1
What is the remainder when 43 is divided by 26?
17
What is the remainder when 19 is divided by 8?
3
Calculate the remainder when 1973 is divided by 8.
5
Calculate the remainder when 502 is divided by 99.
7
Calculate the remainder when 5023 is divided by 15.
13
Calculate the remainder when 367 is divided by 16.
15
Calculate the remainder when 165 is divided by 28.
25
Calculate the remainder when 884 is divided by 217.
16
Calculate the remainder when 645 is divided by 130.
125
Calculate the remainder when 364 is divided by 31.
23
What is the remai